{"id":145,"date":"2017-07-10T13:20:17","date_gmt":"2017-07-10T11:20:17","guid":{"rendered":"http:\/\/nowa.sekom-meble.pl\/?page_id=145"},"modified":"2017-09-07T14:31:13","modified_gmt":"2017-09-07T12:31:13","slug":"zabudowa-wnek","status":"publish","type":"page","link":"http:\/\/sekom-meble.pl\/index.php\/zabudowa-wnek\/","title":{"rendered":"ZABUDOWA WN\u0118K"},"content":{"rendered":"<p><a href=\"http:\/\/sekom-meble.pl\/index.php\/garderoby\/\"><img loading=\"lazy\" decoding=\"async\" class=\"alignleft wp-image-200\" src=\"http:\/\/sekom-meble.pl\/wp-content\/uploads\/2017\/07\/szafy_17-300x225.jpg\" alt=\"\" width=\"151\" height=\"113\" srcset=\"http:\/\/sekom-meble.pl\/wp-content\/uploads\/2017\/07\/szafy_17-300x225.jpg 300w, http:\/\/sekom-meble.pl\/wp-content\/uploads\/2017\/07\/szafy_17-768x576.jpg 768w, http:\/\/sekom-meble.pl\/wp-content\/uploads\/2017\/07\/szafy_17.jpg 800w\" sizes=\"auto, (max-width: 151px) 100vw, 151px\" \/><\/a>Niestandardowe rozwi\u0105zania architektoniczne nie musz\u0105 by\u0107 przeszkod\u0105 w zagospodarowywaniu wn\u0119trz. Zabudowy wn\u0119k, kt\u00f3re przygotowujemy, \u0142\u0105cz\u0105 w sobie nieprzeci\u0119tny potencja\u0142 estetyczny oraz wyj\u0105tkow\u0105 funkcjonalno\u015b\u0107. Przygotowywane pod konkretny wymiar idealnie wkomponowuj\u0105 si\u0119 w przeznaczon\u0105 dla nich przestrze\u0144. Uzupe\u0142niaj\u0105 j\u0105 w spos\u00f3b elegancki, pozwalaj\u0105c jednocze\u015bnie na bezpieczne przechowywanie osobistych drobiazg\u00f3w, dokument\u00f3w, czy te\u017c odzie\u017cy.<\/p>\n","protected":false},"excerpt":{"rendered":"<p>Niestandardowe rozwi\u0105zania architektoniczne nie musz\u0105 by\u0107 przeszkod\u0105 w zagospodarowywaniu wn\u0119trz. Zabudowy wn\u0119k, kt\u00f3re przygotowujemy, \u0142\u0105cz\u0105 w sobie nieprzeci\u0119tny potencja\u0142 estetyczny oraz wyj\u0105tkow\u0105 funkcjonalno\u015b\u0107. Przygotowywane pod konkretny wymiar idealnie wkomponowuj\u0105 si\u0119 w przeznaczon\u0105 dla nich przestrze\u0144. Uzupe\u0142niaj\u0105 j\u0105 w spos\u00f3b elegancki, pozwalaj\u0105c jednocze\u015bnie na bezpieczne przechowywanie osobistych drobiazg\u00f3w, dokument\u00f3w, czy te\u017c odzie\u017cy.<\/p>\n","protected":false},"author":1,"featured_media":0,"parent":0,"menu_order":0,"comment_status":"closed","ping_status":"closed","template":"","meta":{"footnotes":""},"class_list":["post-145","page","type-page","status-publish","hentry"],"_links":{"self":[{"href":"http:\/\/sekom-meble.pl\/index.php\/wp-json\/wp\/v2\/pages\/145","targetHints":{"allow":["GET"]}}],"collection":[{"href":"http:\/\/sekom-meble.pl\/index.php\/wp-json\/wp\/v2\/pages"}],"about":[{"href":"http:\/\/sekom-meble.pl\/index.php\/wp-json\/wp\/v2\/types\/page"}],"author":[{"embeddable":true,"href":"http:\/\/sekom-meble.pl\/index.php\/wp-json\/wp\/v2\/users\/1"}],"replies":[{"embeddable":true,"href":"http:\/\/sekom-meble.pl\/index.php\/wp-json\/wp\/v2\/comments?post=145"}],"version-history":[{"count":3,"href":"http:\/\/sekom-meble.pl\/index.php\/wp-json\/wp\/v2\/pages\/145\/revisions"}],"predecessor-version":[{"id":600,"href":"http:\/\/sekom-meble.pl\/index.php\/wp-json\/wp\/v2\/pages\/145\/revisions\/600"}],"wp:attachment":[{"href":"http:\/\/sekom-meble.pl\/index.php\/wp-json\/wp\/v2\/media?parent=145"}],"curies":[{"name":"wp","href":"https:\/\/api.w.org\/{rel}","templated":true}]}}

ZABUDOWA WNĘK

<p><a href="http://sekom-meble.pl/index.php/garderoby/"><img loading="lazy" decoding="async" class="alignleft wp-image-200" src="http://sekom-meble.pl/wp-content/uploads/2017/07/szafy_17-300x225.jpg" alt="" width="151" height="113" srcset="http://sekom-meble.pl/wp-content/uploads/2017/07/szafy_17-300x225.jpg 300w, http://sekom-meble.pl/wp-content/uploads/2017/07/szafy_17-768x576.jpg 768w, http://sekom-meble.pl/wp-content/uploads/2017/07/szafy_17.jpg 800w" sizes="auto, (max-width: 151px) 100vw, 151px" /></a>Niestandardowe rozwiązania architektoniczne nie muszą być przeszkodą w zagospodarowywaniu wnętrz. Zabudowy wnęk, które przygotowujemy, łączą w sobie nieprzeciętny potencjał estetyczny oraz wyjątkową funkcjonalność. Przygotowywane pod konkretny wymiar idealnie wkomponowują się w przeznaczoną dla nich przestrzeń. Uzupełniają ją w sposób elegancki, pozwalając jednocześnie na bezpieczne przechowywanie osobistych drobiazgów, dokumentów, czy też odzieży.</p>

<p>Niestandardowe rozwiązania architektoniczne nie muszą być przeszkodą w zagospodarowywaniu wnętrz. Zabudowy wnęk, które przygotowujemy, łączą w sobie nieprzeciętny potencjał estetyczny oraz wyjątkową funkcjonalność. Przygotowywane pod konkretny wymiar idealnie wkomponowują się w przeznaczoną dla nich przestrzeń. Uzupełniają ją w sposób elegancki, pozwalając jednocześnie na bezpieczne przechowywanie osobistych drobiazgów, dokumentów, czy też odzieży.</p>
